{"id":3155,"date":"2020-06-10T04:27:03","date_gmt":"2020-06-10T01:27:03","guid":{"rendered":"https:\/\/standard.md\/?page_id=3155"},"modified":"2022-02-14T13:43:32","modified_gmt":"2022-02-14T11:43:32","slug":"atributii","status":"publish","type":"page","link":"https:\/\/standard.md\/?page_id=3155","title":{"rendered":"Atribu\u021bii"},"content":{"rendered":"<p>[vc_row css=&#8221;.vc_custom_1499600383384{margin-bottom: 8vh !important;}&#8221;][vc_column offset=&#8221;vc_col-lg-offset-2 vc_col-lg-8 vc_col-md-offset-2 vc_col-md-8 vc_col-sm-offset-0&#8243; css=&#8221;.vc_custom_1499599304156{padding-top: 0px !important;}&#8221;]\t\t\n\t\t<div id=\"wd-5f9fe4759923b\" class=\"title-wrapper  woodmart-title-color-default woodmart-title-style-default woodmart-title-width-100 text-left woodmart-title-size-extra-large \">\n\t\t\t\t\t\t\n\t\t\t<div class=\"liner-continer\">\n\t\t\t\t<span class=\"left-line\"><\/span>\n\t\t\t\t<h4 class=\"woodmart-title-container title  woodmart-font-weight-\" >Atribu\u021biile ISM<\/h4>\t\t\t\t\t\t\t\t<span class=\"right-line\"><\/span>\n\t\t\t<\/div>\n\t\t\t\n\t\t\t\t\t\t\t<div class=\"title-after_title\">Conform Legii nr. 20 din 04.03.2016 cu privire la standardizarea na\u021bional\u0103, Institutul de Standardizare din Moldova are, cu titlu exclusiv, urm\u0103toarele atribu\u0163ii principale:<\/div>\n\t\t\t\t\t\t\n\t\t\t\t\t<\/div>\n\t\t\n\t\t[vc_row_inner][vc_column_inner css=&#8221;.vc_custom_1494857398526{padding-top: 0px !important;}&#8221;][vc_column_text css=&#8221;.vc_custom_1643028664745{margin-bottom: 20px !important;}&#8221; text_larger=&#8221;no&#8221;]a) stabilirea regulilor de standardizare na\u0163ional\u0103;<br \/>\nb) elaborarea, aprobarea \u015fi realizarea programului de standardizare na\u0163ional\u0103;<br \/>\nc) elaborarea \u015fi aprobarea standardelor moldovene\u0219ti;<br \/>\nd) adoptarea standardelor europene, interna\u0163ionale, interstatale \u015fi ale altor \u0163\u0103ri, precum \u015fi \u00a0\u00a0\u00a0\u00a0\u00a0adoptarea altor documente de standardizare ca standarde moldovene\u0219ti;<br \/>\ne) examinarea periodic\u0103, modificarea, revizuirea, reconfirmarea \u015fi anularea standardelor moldovene\u0219ti;<br \/>\nf) eviden\u0163a standardelor moldovene\u0219ti;<br \/>\ng) asigurarea disponibilit\u0103\u0163ii publice a informa\u0163iilor referitoare la standardele moldovene\u0219ti \u015fi a altor publica\u0163ii relevante privind standardizarea na\u0163ional\u0103;<br \/>\nh) comercializarea standardelor;<br \/>\ni) constituirea, \u00eenregistrarea \u015fi coordonarea activit\u0103\u0163ii comitetelor tehnice de standardizare;<br \/>\nj) elaborarea \u015fi publicarea Buletinului de standardizare \u015fi a altor publica\u0163ii din domeniul standardiz\u0103rii na\u0163ionale;<br \/>\nk) participarea la activitatea de standardizare european\u0103, interna\u0163ional\u0103 \u015fi interstatal\u0103;<br \/>\nl) reprezentarea Republicii Moldova ca membru \u00een organiza\u0163iile europene, interna\u0163ionale \u015fi interstatale de standardizare \u015fi \u00eendeplinirea obliga\u0163iilor ce \u00eei revin \u00een calitate de membru al organiza\u0163iilor corespunz\u0103toare;<br \/>\nm) colaborarea \u00een domeniul standardiz\u0103rii cu organismele de standardizare din alte \u0163\u0103ri \u015fi alte organiza\u0163ii;<br \/>\nn) participarea la schimbul de informa\u0163ii privind standardele \u015fi activitatea de standardizare \u00een cadrul sistemelor de standardizare european, interna\u0163ional \u015fi interstatal;<br \/>\no) dezvoltarea \u015fi gestionarea Fondului na\u0163ional de standarde;<br \/>\np) asigurarea lucr\u0103rilor de secretariat ale Consiliului de standardizare;<br \/>\nq) prestarea serviciilor \u00een domeniul standardiz\u0103rii;<br \/>\nr) avizarea, la solicitarea autorit\u0103\u0163ilor publice, a proiectelor de acte legislative \u0219i normative care au leg\u0103tur\u0103 cu standardele \u015fi standardizarea, inclusiv a proiectelor de liste cu standarde moldovene\u0219ti care adopt\u0103 standardele europene armonizate sau de liste cu alte standarde moldovene\u0219ti la care se face referin\u0163\u0103 \u00een actele legislative \u015fi normative;<br \/>\ns) participarea la programe \u015fi proiecte \u00een standardizare cu finan\u0163are na\u0163ional\u0103, european\u0103, interna\u0163ional\u0103 sau interstatal\u0103;<br \/>\nt) promovarea aplic\u0103rii standardelor \u015fi standardiz\u0103rii;<br \/>\nu) exercitarea, \u00een leg\u0103tur\u0103 cu scopul s\u0103u principal, a oric\u0103ror altor atribu\u0163ii prev\u0103zute de prezenta lege \u015fi de alte acte normative.<br \/>\n(1) Organismul na\u0163ional de standardizare are dreptul exclusiv privind exercitarea atribu\u0163iilor prev\u0103zute la lit. a)\u2013l) \u015fi n)\u2013p).<br \/>\n(2) Pentru serviciile prestate prev\u0103zute la lit. h), j), q) \u015fi u), organismul na\u0163ional de standardizare are dreptul s\u0103 \u00eencaseze pl\u0103\u0163i.<br \/>\n(3) Nomenclatorul \u015fi tarifele serviciilor \u00een domeniul standardiz\u0103rii prestate contra plat\u0103 de c\u0103tre organismul na\u0163ional de standardizare, precum \u015fi Metodologia de determinare a tarifelor la serviciile prestate de c\u0103tre organismul na\u0163ional de standardizare s\u00eent aprobate de Guvern.[\/vc_column_text][\/vc_column_inner][\/vc_row_inner][vc_separator color=&#8221;custom&#8221; accent_color=&#8221;rgba(10,10,10,0.12)&#8221; css=&#8221;.vc_custom_1499600318751{margin-bottom: 30px !important;padding-top: 10px !important;}&#8221;][vc_row_inner content_placement=&#8221;middle&#8221; css=&#8221;.vc_custom_1499600064550{padding-top: 0px !important;}&#8221;][vc_column_inner width=&#8221;1\/2&#8243; css=&#8221;.vc_custom_1499599961071{margin-bottom: 20px !important;padding-top: 0px !important;}&#8221;][\/vc_column_inner][vc_column_inner width=&#8221;1\/2&#8243; css=&#8221;.vc_custom_1499599970647{margin-bottom: 20px !important;padding-top: 0px !important;}&#8221;]\n\t\t\t<div class=\"woodmart-social-icons text-right icons-design-colored icons-size-small color-scheme-dark social-share social-form-circle\">\n\t\t\t\t\t\t\t\t\t<a rel=\"nofollow\" href=\"https:\/\/www.facebook.com\/sharer\/sharer.php?u=https:\/\/standard.md\/?page_id=3155\" target=\"_blank\" class=\" woodmart-social-icon social-facebook\">\n\t\t\t\t\t\t<i><\/i>\n\t\t\t\t\t\t<span class=\"woodmart-social-icon-name\">Facebook<\/span>\n\t\t\t\t\t<\/a>\n\t\t\t\t\n\t\t\t\t\t\t\t\t\t<a rel=\"nofollow\" href=\"https:\/\/twitter.com\/share?url=https:\/\/standard.md\/?page_id=3155\" target=\"_blank\" class=\" woodmart-social-icon social-twitter\">\n\t\t\t\t\t\t<i><\/i>\n\t\t\t\t\t\t<span class=\"woodmart-social-icon-name\">Twitter<\/span>\n\t\t\t\t\t<\/a>\n\t\t\t\t\n\t\t\t\t\t\t\t\t\t<a rel=\"nofollow\" href=\"mailto:?subject=Check%20this%20https:\/\/standard.md\/?page_id=3155\" target=\"_blank\" class=\" woodmart-social-icon social-email\">\n\t\t\t\t\t\t<i><\/i>\n\t\t\t\t\t\t<span class=\"woodmart-social-icon-name\">Email<\/span>\n\t\t\t\t\t<\/a>\n\t\t\t\t\n\t\t\t\t\n\t\t\t\t\n\t\t\t\t\n\t\t\t\t\n\t\t\t\t\n\t\t\t\t\n\t\t\t\t\n\t\t\t\t\n\t\t\t\t\n\t\t\t\t\n\t\t\t\t\n\t\t\t\t\n\t\t\t\t\n\t\t\t\t\n\t\t\t\t\t\t\t\t\n\t\t\t\t\t\t\t\t\n\t\t\t\t\n\t\t\t\t\t\t\t\t\t<a rel=\"nofollow\" href=\"https:\/\/telegram.me\/share\/url?url=https:\/\/standard.md\/?page_id=3155\" target=\"_blank\" class=\" woodmart-social-icon social-tg\">\n\t\t\t\t\t\t<i><\/i>\n\t\t\t\t\t\t<span class=\"woodmart-social-icon-name\">Telegram<\/span>\n\t\t\t\t\t<\/a>\n\t\t\t\t\t\t\t\t\n\t\t\t\t\n\t\t\t<\/div>\n\n\t\t[\/vc_column_inner][\/vc_row_inner][\/vc_column][\/vc_row]<\/p>","protected":false},"excerpt":{"rendered":"<p>[vc_row css=&#8221;.vc_custom_1499600383384{margin-bottom: 8vh !important;}&#8221;][vc_column offset=&#8221;vc_col-lg-offset-2 vc_col-lg-8 vc_col-md-offset-2 vc_col-md-8 vc_col-sm-offset-0&#8243; css=&#8221;.vc_custom_1499599304156{padding-top: 0px !important;}&#8221;][vc_row_inner][vc_column_inner css=&#8221;.vc_custom_1494857398526{padding-top: 0px !important;}&#8221;][vc_column_text css=&#8221;.vc_custom_1643028664745{margin-bottom: 20px !important;}&#8221; text_larger=&#8221;no&#8221;]a) stabilirea<\/p>\n","protected":false},"author":3,"featured_media":0,"parent":3042,"menu_order":0,"comment_status":"closed","ping_status":"closed","template":"","meta":[],"yoast_head":"<!-- This site is optimized with the Yoast SEO plugin v18.1 - https:\/\/yoast.com\/wordpress\/plugins\/seo\/ -->\n<title>Atribu\u021bii - Standard<\/title>\n<meta name=\"robots\" content=\"index, follow, max-snippet:-1, max-image-preview:large, max-video-preview:-1\" \/>\n<link rel=\"canonical\" href=\"https:\/\/standard.md\/?page_id=3155\" \/>\n<meta property=\"og:locale\" content=\"ro_RO\" \/>\n<meta property=\"og:type\" content=\"article\" \/>\n<meta property=\"og:title\" content=\"Atribu\u021bii - Standard\" \/>\n<meta property=\"og:description\" content=\"[vc_row css=&#8221;.vc_custom_1499600383384{margin-bottom: 8vh !important;}&#8221;][vc_column offset=&#8221;vc_col-lg-offset-2 vc_col-lg-8 vc_col-md-offset-2 vc_col-md-8 vc_col-sm-offset-0&#8243; css=&#8221;.vc_custom_1499599304156{padding-top: 0px !important;}&#8221;][vc_row_inner][vc_column_inner css=&#8221;.vc_custom_1494857398526{padding-top: 0px !important;}&#8221;][vc_column_text css=&#8221;.vc_custom_1643028664745{margin-bottom: 20px !important;}&#8221; text_larger=&#8221;no&#8221;]a) stabilirea\" \/>\n<meta property=\"og:url\" content=\"https:\/\/standard.md\/?page_id=3155\" \/>\n<meta property=\"og:site_name\" content=\"Standard\" \/>\n<meta property=\"article:modified_time\" content=\"2022-02-14T11:43:32+00:00\" \/>\n<meta property=\"og:image\" content=\"https:\/\/standard.md\/wp-content\/uploads\/2023\/05\/macheta-omenirea-comunica-prin-standarde.jpg\" \/>\n\t<meta property=\"og:image:width\" content=\"1920\" \/>\n\t<meta property=\"og:image:height\" content=\"1080\" \/>\n\t<meta property=\"og:image:type\" content=\"image\/jpeg\" \/>\n<meta name=\"twitter:card\" content=\"summary_large_image\" \/>\n<meta name=\"twitter:label1\" content=\"Timp estimat pentru citire\" \/>\n\t<meta name=\"twitter:data1\" content=\"3 minute\" \/>\n<script type=\"application\/ld+json\" class=\"yoast-schema-graph\">{\"@context\":\"https:\/\/schema.org\",\"@graph\":[{\"@type\":\"Organization\",\"@id\":\"https:\/\/standard.md\/#organization\",\"name\":\"ISM\",\"url\":\"https:\/\/standard.md\/\",\"sameAs\":[],\"logo\":{\"@type\":\"ImageObject\",\"@id\":\"https:\/\/standard.md\/#logo\",\"inLanguage\":\"ro-RO\",\"url\":\"https:\/\/standard.md\/wp-content\/uploads\/2022\/09\/logo-ism.jpg\",\"contentUrl\":\"https:\/\/standard.md\/wp-content\/uploads\/2022\/09\/logo-ism.jpg\",\"width\":200,\"height\":200,\"caption\":\"ISM\"},\"image\":{\"@id\":\"https:\/\/standard.md\/#logo\"}},{\"@type\":\"WebSite\",\"@id\":\"https:\/\/standard.md\/#website\",\"url\":\"https:\/\/standard.md\/\",\"name\":\"Standard\",\"description\":\"Institutul de Standardizare din Moldova\",\"publisher\":{\"@id\":\"https:\/\/standard.md\/#organization\"},\"potentialAction\":[{\"@type\":\"SearchAction\",\"target\":{\"@type\":\"EntryPoint\",\"urlTemplate\":\"https:\/\/standard.md\/?s={search_term_string}\"},\"query-input\":\"required name=search_term_string\"}],\"inLanguage\":\"ro-RO\"},{\"@type\":\"WebPage\",\"@id\":\"https:\/\/standard.md\/?page_id=3155#webpage\",\"url\":\"https:\/\/standard.md\/?page_id=3155\",\"name\":\"Atribu\u021bii - Standard\",\"isPartOf\":{\"@id\":\"https:\/\/standard.md\/#website\"},\"datePublished\":\"2020-06-10T01:27:03+00:00\",\"dateModified\":\"2022-02-14T11:43:32+00:00\",\"breadcrumb\":{\"@id\":\"https:\/\/standard.md\/?page_id=3155#breadcrumb\"},\"inLanguage\":\"ro-RO\",\"potentialAction\":[{\"@type\":\"ReadAction\",\"target\":[\"https:\/\/standard.md\/index.php?rest_route=%2Fwp%2Fv2%2Fpages%2F3155\"]}]},{\"@type\":\"BreadcrumbList\",\"@id\":\"https:\/\/standard.md\/?page_id=3155#breadcrumb\",\"itemListElement\":[{\"@type\":\"ListItem\",\"position\":1,\"name\":\"Prima pagin\u0103\",\"item\":\"https:\/\/standard.md\/\"},{\"@type\":\"ListItem\",\"position\":2,\"name\":\"Despre ISM\",\"item\":\"https:\/\/standard.md\/?page_id=3042\"},{\"@type\":\"ListItem\",\"position\":3,\"name\":\"Atribu\u021bii\"}]}]}<\/script>\n<!-- \/ Yoast SEO plugin. -->","yoast_head_json":{"title":"Atribu\u021bii - Standard","robots":{"index":"index","follow":"follow","max-snippet":"max-snippet:-1","max-image-preview":"max-image-preview:large","max-video-preview":"max-video-preview:-1"},"canonical":"https:\/\/standard.md\/?page_id=3155","og_locale":"ro_RO","og_type":"article","og_title":"Atribu\u021bii - Standard","og_description":"[vc_row css=&#8221;.vc_custom_1499600383384{margin-bottom: 8vh !important;}&#8221;][vc_column offset=&#8221;vc_col-lg-offset-2 vc_col-lg-8 vc_col-md-offset-2 vc_col-md-8 vc_col-sm-offset-0&#8243; css=&#8221;.vc_custom_1499599304156{padding-top: 0px !important;}&#8221;][vc_row_inner][vc_column_inner css=&#8221;.vc_custom_1494857398526{padding-top: 0px !important;}&#8221;][vc_column_text css=&#8221;.vc_custom_1643028664745{margin-bottom: 20px !important;}&#8221; text_larger=&#8221;no&#8221;]a) stabilirea","og_url":"https:\/\/standard.md\/?page_id=3155","og_site_name":"Standard","article_modified_time":"2022-02-14T11:43:32+00:00","og_image":[{"width":1920,"height":1080,"url":"https:\/\/standard.md\/wp-content\/uploads\/2023\/05\/macheta-omenirea-comunica-prin-standarde.jpg","type":"image\/jpeg"}],"twitter_card":"summary_large_image","twitter_misc":{"Timp estimat pentru citire":"3 minute"},"schema":{"@context":"https:\/\/schema.org","@graph":[{"@type":"Organization","@id":"https:\/\/standard.md\/#organization","name":"ISM","url":"https:\/\/standard.md\/","sameAs":[],"logo":{"@type":"ImageObject","@id":"https:\/\/standard.md\/#logo","inLanguage":"ro-RO","url":"https:\/\/standard.md\/wp-content\/uploads\/2022\/09\/logo-ism.jpg","contentUrl":"https:\/\/standard.md\/wp-content\/uploads\/2022\/09\/logo-ism.jpg","width":200,"height":200,"caption":"ISM"},"image":{"@id":"https:\/\/standard.md\/#logo"}},{"@type":"WebSite","@id":"https:\/\/standard.md\/#website","url":"https:\/\/standard.md\/","name":"Standard","description":"Institutul de Standardizare din Moldova","publisher":{"@id":"https:\/\/standard.md\/#organization"},"potentialAction":[{"@type":"SearchAction","target":{"@type":"EntryPoint","urlTemplate":"https:\/\/standard.md\/?s={search_term_string}"},"query-input":"required name=search_term_string"}],"inLanguage":"ro-RO"},{"@type":"WebPage","@id":"https:\/\/standard.md\/?page_id=3155#webpage","url":"https:\/\/standard.md\/?page_id=3155","name":"Atribu\u021bii - Standard","isPartOf":{"@id":"https:\/\/standard.md\/#website"},"datePublished":"2020-06-10T01:27:03+00:00","dateModified":"2022-02-14T11:43:32+00:00","breadcrumb":{"@id":"https:\/\/standard.md\/?page_id=3155#breadcrumb"},"inLanguage":"ro-RO","potentialAction":[{"@type":"ReadAction","target":["https:\/\/standard.md\/index.php?rest_route=%2Fwp%2Fv2%2Fpages%2F3155"]}]},{"@type":"BreadcrumbList","@id":"https:\/\/standard.md\/?page_id=3155#breadcrumb","itemListElement":[{"@type":"ListItem","position":1,"name":"Prima pagin\u0103","item":"https:\/\/standard.md\/"},{"@type":"ListItem","position":2,"name":"Despre ISM","item":"https:\/\/standard.md\/?page_id=3042"},{"@type":"ListItem","position":3,"name":"Atribu\u021bii"}]}]}},"_links":{"self":[{"href":"https:\/\/standard.md\/index.php?rest_route=\/wp\/v2\/pages\/3155"}],"collection":[{"href":"https:\/\/standard.md\/index.php?rest_route=\/wp\/v2\/pages"}],"about":[{"href":"https:\/\/standard.md\/index.php?rest_route=\/wp\/v2\/types\/page"}],"author":[{"embeddable":true,"href":"https:\/\/standard.md\/index.php?rest_route=\/wp\/v2\/users\/3"}],"replies":[{"embeddable":true,"href":"https:\/\/standard.md\/index.php?rest_route=%2Fwp%2Fv2%2Fcomments&post=3155"}],"version-history":[{"count":5,"href":"https:\/\/standard.md\/index.php?rest_route=\/wp\/v2\/pages\/3155\/revisions"}],"predecessor-version":[{"id":7279,"href":"https:\/\/standard.md\/index.php?rest_route=\/wp\/v2\/pages\/3155\/revisions\/7279"}],"up":[{"embeddable":true,"href":"https:\/\/standard.md\/index.php?rest_route=\/wp\/v2\/pages\/3042"}],"wp:attachment":[{"href":"https:\/\/standard.md\/index.php?rest_route=%2Fwp%2Fv2%2Fmedia&parent=3155"}],"curies":[{"name":"wp","href":"https:\/\/api.w.org\/{rel}","templated":true}]}}