{"id":3212,"date":"2020-06-10T04:58:31","date_gmt":"2020-06-10T01:58:31","guid":{"rendered":"https:\/\/standard.md\/?page_id=3212"},"modified":"2022-02-15T10:36:21","modified_gmt":"2022-02-15T08:36:21","slug":"standardizarea","status":"publish","type":"page","link":"https:\/\/standard.md\/?page_id=3212","title":{"rendered":"Standardizare"},"content":{"rendered":"<p>[vc_row full_width=&#8221;stretch_row&#8221; content_placement=&#8221;middle&#8221; woodmart_bg_position=&#8221;left-center&#8221; row_reverse_mobile=&#8221;1&#8243; row_reverse_tablet=&#8221;1&#8243; css=&#8221;.vc_custom_1534928195498{margin-bottom: 4vh !important;background-image: url({{mage1}}) !important;background-position: center !important;background-repeat: no-repeat !important;background-size: contain !important;}&#8221; el_class=&#8221;tablet-bg-img-hidden&#8221;][vc_column css=&#8221;.vc_custom_1546690140001{margin-bottom: 4vh !important;padding-top: 0px !important;}&#8221; offset=&#8221;vc_col-lg-6 vc_col-md-6&#8243; mobile_bg_img_hidden=&#8221;no&#8221; woodmart_parallax=&#8221;0&#8243; woodmart_sticky_column=&#8221;false&#8221; parallax_scroll=&#8221;no&#8221; mobile_reset_margin=&#8221;no&#8221; tablet_reset_margin=&#8221;no&#8221;]\t\t\n\t\t<div id=\"wd-5fa0c2efdc6de\" class=\"title-wrapper  woodmart-title-color-default woodmart-title-style-default woodmart-title-width-90 text-left woodmart-title-size-custom vc_custom_1604371190984\">\n\t\t\t\t\t\t\n\t\t\t<div class=\"liner-continer\">\n\t\t\t\t<span class=\"left-line\"><\/span>\n\t\t\t\t<h4 class=\"woodmart-title-container title  woodmart-font-weight-\" >Ce este un standard?<\/h4>\t\t\t\t\t\t\t\t<span class=\"right-line\"><\/span>\n\t\t\t<\/div>\n\t\t\t\n\t\t\t\t\t\t\t<div class=\"title-after_title\">Standardele reprezint\u0103 documente, stabilite prin consens \u015fi aprobate de c\u0103tre un organism de standardizare, care asigur\u0103, pentru uz comun \u015fi repetat, reguli, linii directoare sau caracteristici pentru activit\u0103\u0163i sau rezultatelor lor, cu scopul de a se ob\u0163ine gradul optim de ordine \u00eentr-un anumit context.\nPe teritoriul Republicii Moldova sunt aplicate standardele moldovene\u0219ti originale, precum \u015fi cele interna\u0163ionale, regionale (europene \u015fi interstatale) \u015fi ale altor state, adoptate \u00een calitate de standarde moldovene\u0219ti.<\/div>\n\t\t\t\t\t\t\n\t\t\t\t\t<\/div>\n\t\t\n\t\t[\/vc_column][vc_column css=&#8221;.vc_custom_1534927788088{margin-bottom: 4vh !important;padding-top: 0px !important;}&#8221; offset=&#8221;vc_col-lg-6 vc_col-md-6&#8243;][vc_single_image image=&#8221;3540&#8243; img_size=&#8221;full&#8221; alignment=&#8221;center&#8221; css=&#8221;.vc_custom_1604371121847{margin-bottom: 0px !important;}&#8221; parallax_scroll=&#8221;no&#8221;][\/vc_column][\/vc_row][vc_row full_width=&#8221;stretch_row&#8221; content_placement=&#8221;middle&#8221; woodmart_bg_position=&#8221;left-center&#8221; row_reverse_mobile=&#8221;1&#8243; row_reverse_tablet=&#8221;1&#8243; css=&#8221;.vc_custom_1534928195498{margin-bottom: 4vh !important;background-image: url({{mage1}}) !important;background-position: center !important;background-repeat: no-repeat !important;background-size: contain !important;}&#8221; el_class=&#8221;tablet-bg-img-hidden&#8221;][vc_column css=&#8221;.vc_custom_1546690140001{margin-bottom: 4vh !important;padding-top: 0px !important;}&#8221; offset=&#8221;vc_col-lg-6 vc_col-md-6&#8243; mobile_bg_img_hidden=&#8221;no&#8221; woodmart_parallax=&#8221;0&#8243; woodmart_sticky_column=&#8221;false&#8221; parallax_scroll=&#8221;no&#8221; mobile_reset_margin=&#8221;no&#8221; tablet_reset_margin=&#8221;no&#8221;][vc_single_image image=&#8221;3541&#8243; img_size=&#8221;full&#8221; alignment=&#8221;center&#8221; css=&#8221;.vc_custom_1604371411341{margin-bottom: 0px !important;}&#8221; parallax_scroll=&#8221;no&#8221;][\/vc_column][vc_column css=&#8221;.vc_custom_1534927788088{margin-bottom: 4vh !important;padding-top: 0px !important;}&#8221; offset=&#8221;vc_col-lg-6 vc_col-md-6&#8243;]\t\t\n\t\t<div id=\"wd-620b6216aeb5c\" class=\"title-wrapper  woodmart-title-color-default woodmart-title-style-default woodmart-title-width-90 text-left woodmart-title-size-custom vc_custom_1644913179049\">\n\t\t\t\t\t\t\n\t\t\t<div class=\"liner-continer\">\n\t\t\t\t<span class=\"left-line\"><\/span>\n\t\t\t\t<h4 class=\"woodmart-title-container title  woodmart-font-weight-\" >Care sunt beneficiile standardelor?<\/h4>\t\t\t\t\t\t\t\t<span class=\"right-line\"><\/span>\n\t\t\t<\/div>\n\t\t\t\n\t\t\t\t\t\t\t<div class=\"title-after_title\">Standardele ofer\u0103 beneficii mediului de afaceri, autorit\u0103\u021bilor de reglementare \u0219i \u00eentregii societ\u0103\u021bi. Ele contribuie la armonizarea specifica\u021biilor tehnice ale produselor \u0219i serviciilor, astfel fac industria mai eficient\u0103 precum \u0219i contribuie la eliminarea barierelor tehnice din calea comer\u021bului. Conformitatea cu standardele faciliteaz\u0103 ob\u021binerea unei imagini coerente \u00een fa\u021ba consumatorilor, sporirea \u00eencrederii, a satisfac\u021biei acestora prin \u00eembun\u0103t\u0103\u021birea calit\u0103\u021bii produselor \u0219i serviciilor, precum \u0219i au efecte pozitive asupra mediului \u00eenconjur\u0103tor.\nStandardele moldovene\u0219ti privind metodele de \u00eencerc\u0103ri ale aerului, apei \u0219i solului, emisiilor de gaze \u0219i radia\u021bii, precum \u0219i cele privind aspectele de mediu contribuie la protec\u021bia mediului \u00eenconjur\u0103tor \u0219i asigurarea s\u0103n\u0103t\u0103\u021bii \u0219i siguran\u021bei cet\u0103\u021benilor.<\/div>\n\t\t\t\t\t\t\n\t\t\t\t\t<\/div>\n\t\t\n\t\t[\/vc_column][\/vc_row]<\/p>","protected":false},"excerpt":{"rendered":"<p>[vc_row full_width=&#8221;stretch_row&#8221; content_placement=&#8221;middle&#8221; woodmart_bg_position=&#8221;left-center&#8221; row_reverse_mobile=&#8221;1&#8243; row_reverse_tablet=&#8221;1&#8243; css=&#8221;.vc_custom_1534928195498{margin-bottom: 4vh !important;background-image: url({{mage1}}) !important;background-position: center !important;background-repeat: no-repeat !important;background-size: contain !important;}&#8221; el_class=&#8221;tablet-bg-img-hidden&#8221;][vc_column css=&#8221;.vc_custom_1546690140001{margin-bottom: 4vh<\/p>\n","protected":false},"author":3,"featured_media":0,"parent":0,"menu_order":0,"comment_status":"closed","ping_status":"closed","template":"","meta":[],"yoast_head":"<!-- This site is optimized with the Yoast SEO plugin v18.1 - https:\/\/yoast.com\/wordpress\/plugins\/seo\/ -->\n<title>Standardizare - Standard<\/title>\n<meta name=\"robots\" content=\"index, follow, max-snippet:-1, max-image-preview:large, max-video-preview:-1\" \/>\n<link rel=\"canonical\" href=\"https:\/\/standard.md\/?page_id=3212\" \/>\n<meta property=\"og:locale\" content=\"ro_RO\" \/>\n<meta property=\"og:type\" content=\"article\" \/>\n<meta property=\"og:title\" content=\"Standardizare - Standard\" \/>\n<meta property=\"og:description\" content=\"[vc_row full_width=&#8221;stretch_row&#8221; content_placement=&#8221;middle&#8221; woodmart_bg_position=&#8221;left-center&#8221; row_reverse_mobile=&#8221;1&#8243; row_reverse_tablet=&#8221;1&#8243; css=&#8221;.vc_custom_1534928195498{margin-bottom: 4vh !important;background-image: url({{mage1}}) !important;background-position: center !important;background-repeat: no-repeat !important;background-size: contain !important;}&#8221; el_class=&#8221;tablet-bg-img-hidden&#8221;][vc_column css=&#8221;.vc_custom_1546690140001{margin-bottom: 4vh\" \/>\n<meta property=\"og:url\" content=\"https:\/\/standard.md\/?page_id=3212\" \/>\n<meta property=\"og:site_name\" content=\"Standard\" \/>\n<meta property=\"article:modified_time\" content=\"2022-02-15T08:36:21+00:00\" \/>\n<meta property=\"og:image\" content=\"https:\/\/standard.md\/wp-content\/uploads\/2023\/05\/macheta-omenirea-comunica-prin-standarde.jpg\" \/>\n\t<meta property=\"og:image:width\" content=\"1920\" \/>\n\t<meta property=\"og:image:height\" content=\"1080\" \/>\n\t<meta property=\"og:image:type\" content=\"image\/jpeg\" \/>\n<meta name=\"twitter:card\" content=\"summary_large_image\" \/>\n<meta name=\"twitter:label1\" content=\"Timp estimat pentru citire\" \/>\n\t<meta name=\"twitter:data1\" content=\"2 minute\" \/>\n<script type=\"application\/ld+json\" class=\"yoast-schema-graph\">{\"@context\":\"https:\/\/schema.org\",\"@graph\":[{\"@type\":\"Organization\",\"@id\":\"https:\/\/standard.md\/#organization\",\"name\":\"ISM\",\"url\":\"https:\/\/standard.md\/\",\"sameAs\":[],\"logo\":{\"@type\":\"ImageObject\",\"@id\":\"https:\/\/standard.md\/#logo\",\"inLanguage\":\"ro-RO\",\"url\":\"https:\/\/standard.md\/wp-content\/uploads\/2022\/09\/logo-ism.jpg\",\"contentUrl\":\"https:\/\/standard.md\/wp-content\/uploads\/2022\/09\/logo-ism.jpg\",\"width\":200,\"height\":200,\"caption\":\"ISM\"},\"image\":{\"@id\":\"https:\/\/standard.md\/#logo\"}},{\"@type\":\"WebSite\",\"@id\":\"https:\/\/standard.md\/#website\",\"url\":\"https:\/\/standard.md\/\",\"name\":\"Standard\",\"description\":\"Institutul de Standardizare din Moldova\",\"publisher\":{\"@id\":\"https:\/\/standard.md\/#organization\"},\"potentialAction\":[{\"@type\":\"SearchAction\",\"target\":{\"@type\":\"EntryPoint\",\"urlTemplate\":\"https:\/\/standard.md\/?s={search_term_string}\"},\"query-input\":\"required name=search_term_string\"}],\"inLanguage\":\"ro-RO\"},{\"@type\":\"WebPage\",\"@id\":\"https:\/\/standard.md\/?page_id=3212#webpage\",\"url\":\"https:\/\/standard.md\/?page_id=3212\",\"name\":\"Standardizare - Standard\",\"isPartOf\":{\"@id\":\"https:\/\/standard.md\/#website\"},\"datePublished\":\"2020-06-10T01:58:31+00:00\",\"dateModified\":\"2022-02-15T08:36:21+00:00\",\"breadcrumb\":{\"@id\":\"https:\/\/standard.md\/?page_id=3212#breadcrumb\"},\"inLanguage\":\"ro-RO\",\"potentialAction\":[{\"@type\":\"ReadAction\",\"target\":[\"https:\/\/standard.md\/index.php?rest_route=%2Fwp%2Fv2%2Fpages%2F3212\"]}]},{\"@type\":\"BreadcrumbList\",\"@id\":\"https:\/\/standard.md\/?page_id=3212#breadcrumb\",\"itemListElement\":[{\"@type\":\"ListItem\",\"position\":1,\"name\":\"Prima pagin\u0103\",\"item\":\"https:\/\/standard.md\/\"},{\"@type\":\"ListItem\",\"position\":2,\"name\":\"\u0421\u0442\u0430\u043d\u0434\u0430\u0440\u0442\u0438\u0437\u0430\u0446\u0438\u044f\"}]}]}<\/script>\n<!-- \/ Yoast SEO plugin. -->","yoast_head_json":{"title":"Standardizare - Standard","robots":{"index":"index","follow":"follow","max-snippet":"max-snippet:-1","max-image-preview":"max-image-preview:large","max-video-preview":"max-video-preview:-1"},"canonical":"https:\/\/standard.md\/?page_id=3212","og_locale":"ro_RO","og_type":"article","og_title":"Standardizare - Standard","og_description":"[vc_row full_width=&#8221;stretch_row&#8221; content_placement=&#8221;middle&#8221; woodmart_bg_position=&#8221;left-center&#8221; row_reverse_mobile=&#8221;1&#8243; row_reverse_tablet=&#8221;1&#8243; css=&#8221;.vc_custom_1534928195498{margin-bottom: 4vh !important;background-image: url({{mage1}}) !important;background-position: center !important;background-repeat: no-repeat !important;background-size: contain !important;}&#8221; el_class=&#8221;tablet-bg-img-hidden&#8221;][vc_column css=&#8221;.vc_custom_1546690140001{margin-bottom: 4vh","og_url":"https:\/\/standard.md\/?page_id=3212","og_site_name":"Standard","article_modified_time":"2022-02-15T08:36:21+00:00","og_image":[{"width":1920,"height":1080,"url":"https:\/\/standard.md\/wp-content\/uploads\/2023\/05\/macheta-omenirea-comunica-prin-standarde.jpg","type":"image\/jpeg"}],"twitter_card":"summary_large_image","twitter_misc":{"Timp estimat pentru citire":"2 minute"},"schema":{"@context":"https:\/\/schema.org","@graph":[{"@type":"Organization","@id":"https:\/\/standard.md\/#organization","name":"ISM","url":"https:\/\/standard.md\/","sameAs":[],"logo":{"@type":"ImageObject","@id":"https:\/\/standard.md\/#logo","inLanguage":"ro-RO","url":"https:\/\/standard.md\/wp-content\/uploads\/2022\/09\/logo-ism.jpg","contentUrl":"https:\/\/standard.md\/wp-content\/uploads\/2022\/09\/logo-ism.jpg","width":200,"height":200,"caption":"ISM"},"image":{"@id":"https:\/\/standard.md\/#logo"}},{"@type":"WebSite","@id":"https:\/\/standard.md\/#website","url":"https:\/\/standard.md\/","name":"Standard","description":"Institutul de Standardizare din Moldova","publisher":{"@id":"https:\/\/standard.md\/#organization"},"potentialAction":[{"@type":"SearchAction","target":{"@type":"EntryPoint","urlTemplate":"https:\/\/standard.md\/?s={search_term_string}"},"query-input":"required name=search_term_string"}],"inLanguage":"ro-RO"},{"@type":"WebPage","@id":"https:\/\/standard.md\/?page_id=3212#webpage","url":"https:\/\/standard.md\/?page_id=3212","name":"Standardizare - Standard","isPartOf":{"@id":"https:\/\/standard.md\/#website"},"datePublished":"2020-06-10T01:58:31+00:00","dateModified":"2022-02-15T08:36:21+00:00","breadcrumb":{"@id":"https:\/\/standard.md\/?page_id=3212#breadcrumb"},"inLanguage":"ro-RO","potentialAction":[{"@type":"ReadAction","target":["https:\/\/standard.md\/index.php?rest_route=%2Fwp%2Fv2%2Fpages%2F3212"]}]},{"@type":"BreadcrumbList","@id":"https:\/\/standard.md\/?page_id=3212#breadcrumb","itemListElement":[{"@type":"ListItem","position":1,"name":"Prima pagin\u0103","item":"https:\/\/standard.md\/"},{"@type":"ListItem","position":2,"name":"\u0421\u0442\u0430\u043d\u0434\u0430\u0440\u0442\u0438\u0437\u0430\u0446\u0438\u044f"}]}]}},"_links":{"self":[{"href":"https:\/\/standard.md\/index.php?rest_route=\/wp\/v2\/pages\/3212"}],"collection":[{"href":"https:\/\/standard.md\/index.php?rest_route=\/wp\/v2\/pages"}],"about":[{"href":"https:\/\/standard.md\/index.php?rest_route=\/wp\/v2\/types\/page"}],"author":[{"embeddable":true,"href":"https:\/\/standard.md\/index.php?rest_route=\/wp\/v2\/users\/3"}],"replies":[{"embeddable":true,"href":"https:\/\/standard.md\/index.php?rest_route=%2Fwp%2Fv2%2Fcomments&post=3212"}],"version-history":[{"count":8,"href":"https:\/\/standard.md\/index.php?rest_route=\/wp\/v2\/pages\/3212\/revisions"}],"predecessor-version":[{"id":7329,"href":"https:\/\/standard.md\/index.php?rest_route=\/wp\/v2\/pages\/3212\/revisions\/7329"}],"wp:attachment":[{"href":"https:\/\/standard.md\/index.php?rest_route=%2Fwp%2Fv2%2Fmedia&parent=3212"}],"curies":[{"name":"wp","href":"https:\/\/api.w.org\/{rel}","templated":true}]}}

<p>[vc_row full_width=&#8221;stretch_row&#8221; content_placement=&#8221;middle&#8221; woodmart_bg_position=&#8221;left-center&#8221; row_reverse_mobile=&#8221;1&#8243; row_reverse_tablet=&#8221;1&#8243; css=&#8221;.vc_custom_1534928195498{margin-bottom: 4vh !important;background-image: url({{mage1}}) !important;background-position: center !important;background-repeat: no-repeat !important;background-size: contain !important;}&#8221; el_class=&#8221;tablet-bg-img-hidden&#8221;][vc_column css=&#8221;.vc_custom_1546690140001{margin-bottom: 4vh !important;padding-top: 0px !important;}&#8221; offset=&#8221;vc_col-lg-6 vc_col-md-6&#8243; mobile_bg_img_hidden=&#8221;no&#8221; woodmart_parallax=&#8221;0&#8243; woodmart_sticky_column=&#8221;false&#8221; parallax_scroll=&#8221;no&#8221; mobile_reset_margin=&#8221;no&#8221; tablet_reset_margin=&#8221;no&#8221;]		
		<div id="wd-5fa0c2efdc6de" class="title-wrapper  woodmart-title-color-default woodmart-title-style-default woodmart-title-width-90 text-left woodmart-title-size-custom vc_custom_1604371190984">
						
			<div class="liner-continer">
				<span class="left-line"></span>
				<h4 class="woodmart-title-container title  woodmart-font-weight-" >Ce este un standard?</h4>								<span class="right-line"></span>
			</div>
			
							<div class="title-after_title">Standardele reprezintă documente, stabilite prin consens şi aprobate de către un organism de standardizare, care asigură, pentru uz comun şi repetat, reguli, linii directoare sau caracteristici pentru activităţi sau rezultatelor lor, cu scopul de a se obţine gradul optim de ordine într-un anumit context.
Pe teritoriul Republicii Moldova sunt aplicate standardele moldovenești originale, precum şi cele internaţionale, regionale (europene şi interstatale) şi ale altor state, adoptate în calitate de standarde moldovenești.</div>
						
					</div>
		
		[/vc_column][vc_column css=&#8221;.vc_custom_1534927788088{margin-bottom: 4vh !important;padding-top: 0px !important;}&#8221; offset=&#8221;vc_col-lg-6 vc_col-md-6&#8243;][vc_single_image image=&#8221;3540&#8243; img_size=&#8221;full&#8221; alignment=&#8221;center&#8221; css=&#8221;.vc_custom_1604371121847{margin-bottom: 0px !important;}&#8221; parallax_scroll=&#8221;no&#8221;][/vc_column][/vc_row][vc_row full_width=&#8221;stretch_row&#8221; content_placement=&#8221;middle&#8221; woodmart_bg_position=&#8221;left-center&#8221; row_reverse_mobile=&#8221;1&#8243; row_reverse_tablet=&#8221;1&#8243; css=&#8221;.vc_custom_1534928195498{margin-bottom: 4vh !important;background-image: url({{mage1}}) !important;background-position: center !important;background-repeat: no-repeat !important;background-size: contain !important;}&#8221; el_class=&#8221;tablet-bg-img-hidden&#8221;][vc_column css=&#8221;.vc_custom_1546690140001{margin-bottom: 4vh !important;padding-top: 0px !important;}&#8221; offset=&#8221;vc_col-lg-6 vc_col-md-6&#8243; mobile_bg_img_hidden=&#8221;no&#8221; woodmart_parallax=&#8221;0&#8243; woodmart_sticky_column=&#8221;false&#8221; parallax_scroll=&#8221;no&#8221; mobile_reset_margin=&#8221;no&#8221; tablet_reset_margin=&#8221;no&#8221;][vc_single_image image=&#8221;3541&#8243; img_size=&#8221;full&#8221; alignment=&#8221;center&#8221; css=&#8221;.vc_custom_1604371411341{margin-bottom: 0px !important;}&#8221; parallax_scroll=&#8221;no&#8221;][/vc_column][vc_column css=&#8221;.vc_custom_1534927788088{margin-bottom: 4vh !important;padding-top: 0px !important;}&#8221; offset=&#8221;vc_col-lg-6 vc_col-md-6&#8243;]		
		<div id="wd-620b6216aeb5c" class="title-wrapper  woodmart-title-color-default woodmart-title-style-default woodmart-title-width-90 text-left woodmart-title-size-custom vc_custom_1644913179049">
						
			<div class="liner-continer">
				<span class="left-line"></span>
				<h4 class="woodmart-title-container title  woodmart-font-weight-" >Care sunt beneficiile standardelor?</h4>								<span class="right-line"></span>
			</div>
			
							<div class="title-after_title">Standardele oferă beneficii mediului de afaceri, autorităților de reglementare și întregii societăți. Ele contribuie la armonizarea specificațiilor tehnice ale produselor și serviciilor, astfel fac industria mai eficientă precum și contribuie la eliminarea barierelor tehnice din calea comerțului. Conformitatea cu standardele facilitează obținerea unei imagini coerente în fața consumatorilor, sporirea încrederii, a satisfacției acestora prin îmbunătățirea calității produselor și serviciilor, precum și au efecte pozitive asupra mediului înconjurător.
Standardele moldovenești privind metodele de încercări ale aerului, apei și solului, emisiilor de gaze și radiații, precum și cele privind aspectele de mediu contribuie la protecția mediului înconjurător și asigurarea sănătății și siguranței cetățenilor.</div>
						
					</div>
		
		[/vc_column][/vc_row]</p>

<!-- This site is optimized with the Yoast SEO plugin v18.1 - https://yoast.com/wordpress/plugins/seo/ -->
<title>Standardizare - Standard</title>
<meta name="robots" content="index, follow, max-snippet:-1, max-image-preview:large, max-video-preview:-1" />
<link rel="canonical" href="https://standard.md/?page_id=3212" />
<meta property="og:locale" content="ro_RO" />
<meta property="og:type" content="article" />
<meta property="og:title" content="Standardizare - Standard" />
<meta property="og:description" content="[vc_row full_width=&#8221;stretch_row&#8221; content_placement=&#8221;middle&#8221; woodmart_bg_position=&#8221;left-center&#8221; row_reverse_mobile=&#8221;1&#8243; row_reverse_tablet=&#8221;1&#8243; css=&#8221;.vc_custom_1534928195498{margin-bottom: 4vh !important;background-image: url({{mage1}}) !important;background-position: center !important;background-repeat: no-repeat !important;background-size: contain !important;}&#8221; el_class=&#8221;tablet-bg-img-hidden&#8221;][vc_column css=&#8221;.vc_custom_1546690140001{margin-bottom: 4vh" />
<meta property="og:url" content="https://standard.md/?page_id=3212" />
<meta property="og:site_name" content="Standard" />
<meta property="article:modified_time" content="2022-02-15T08:36:21+00:00" />
<meta property="og:image" content="https://standard.md/wp-content/uploads/2023/05/macheta-omenirea-comunica-prin-standarde.jpg" />
	<meta property="og:image:width" content="1920" />
	<meta property="og:image:height" content="1080" />
	<meta property="og:image:type" content="image/jpeg" />
<meta name="twitter:card" content="summary_large_image" />
<meta name="twitter:label1" content="Timp estimat pentru citire" />
	<meta name="twitter:data1" content="2 minute" />
<script type="application/ld+json" class="yoast-schema-graph">{"@context":"https://schema.org","@graph":[{"@type":"Organization","@id":"https://standard.md/#organization","name":"ISM","url":"https://standard.md/","sameAs":[],"logo":{"@type":"ImageObject","@id":"https://standard.md/#logo","inLanguage":"ro-RO","url":"https://standard.md/wp-content/uploads/2022/09/logo-ism.jpg","contentUrl":"https://standard.md/wp-content/uploads/2022/09/logo-ism.jpg","width":200,"height":200,"caption":"ISM"},"image":{"@id":"https://standard.md/#logo"}},{"@type":"WebSite","@id":"https://standard.md/#website","url":"https://standard.md/","name":"Standard","description":"Institutul de Standardizare din Moldova","publisher":{"@id":"https://standard.md/#organization"},"potentialAction":[{"@type":"SearchAction","target":{"@type":"EntryPoint","urlTemplate":"https://standard.md/?s={search_term_string}"},"query-input":"required name=search_term_string"}],"inLanguage":"ro-RO"},{"@type":"WebPage","@id":"https://standard.md/?page_id=3212#webpage","url":"https://standard.md/?page_id=3212","name":"Standardizare - Standard","isPartOf":{"@id":"https://standard.md/#website"},"datePublished":"2020-06-10T01:58:31+00:00","dateModified":"2022-02-15T08:36:21+00:00","breadcrumb":{"@id":"https://standard.md/?page_id=3212#breadcrumb"},"inLanguage":"ro-RO","potentialAction":[{"@type":"ReadAction","target":["https://standard.md/index.php?rest_route=%2Fwp%2Fv2%2Fpages%2F3212"]}]},{"@type":"BreadcrumbList","@id":"https://standard.md/?page_id=3212#breadcrumb","itemListElement":[{"@type":"ListItem","position":1,"name":"Prima pagină","item":"https://standard.md/"},{"@type":"ListItem","position":2,"name":"Стандартизация"}]}]}</script>
<!-- / Yoast SEO plugin. -->

Prima pagină

Стандартизация
