{"id":3245,"date":"2020-06-10T05:04:51","date_gmt":"2020-06-10T02:04:51","guid":{"rendered":"https:\/\/standard.md\/?page_id=3245"},"modified":"2025-06-06T13:50:45","modified_gmt":"2025-06-06T10:50:45","slug":"ct-nationale-oglinda","status":"publish","type":"page","link":"https:\/\/standard.md\/?page_id=3245","title":{"rendered":"Comitete tehnice na\u021bionale oglind\u0103"},"content":{"rendered":"<p>[vc_row][vc_column][vc_column_text text_larger=&#8221;no&#8221;]Activitatea de standardizare na\u021bional\u0103 se desf\u0103\u0219oar\u0103 \u00een cadrul comitetelor tehnice de standardizare, organizate pe domenii de activitate. Activitatea acestora se desf\u0103\u0219oar\u0103 at\u00e2t pe plan na\u021bional, c\u00e2t \u015fi pe plan european \u015fi interna\u021bional.<\/p>\n<p>Comitetele tehnice na\u021bionale sunt \u00een cea mai mare parte organizate ca oglind\u0103 a comitetelor tehnice europene \u0219i interna\u0163ionale.<\/p>\n<p>Structura comitetelor tehnice na\u021bionale, de regul\u0103, trebuie s\u0103 fie aliniat\u0103 la cea a comitetelor tehnice ale organiza\u021biilor europene de standardizare (CEN\/CENELEC\/ETSI) \u0219i, pe c\u00e2t posibil, la cea a comitetelor tehnice ale organiza\u021biilor interna\u021bionale (ISO\/IEC), astfel \u00eenc\u00e2t fiecare comitet tehnic interna\u021bional sau european, la care Republica Moldova particip\u0103, s\u0103 de\u021bin\u0103 un comitet tehnic na\u021bional oglind\u0103. Un comitet tehnic poate s\u0103 corespund\u0103 unuia sau mai multor comitete tehnice europene \u0219i\/sau interna\u021bionale.<\/p>\n<p>Vede\u021bi <u><a href=\"https:\/\/standard.md\/?page_id=3241\">aici<\/a> <\/u> lista comitetelor tehnice na\u021bionale existente, starea lor la moment (activ, suspendat sau desfiin\u021bat), precum \u0219i implicarea acestora.[\/vc_column_text][\/vc_column][\/vc_row]<\/p>","protected":false},"excerpt":{"rendered":"<p>[vc_row][vc_column][vc_column_text text_larger=&#8221;no&#8221;]Activitatea de standardizare na\u021bional\u0103 se desf\u0103\u0219oar\u0103 \u00een cadrul comitetelor tehnice de standardizare, organizate pe domenii de activitate. Activitatea acestora<\/p>\n","protected":false},"author":3,"featured_media":0,"parent":3237,"menu_order":0,"comment_status":"closed","ping_status":"closed","template":"","meta":[],"yoast_head":"<!-- This site is optimized with the Yoast SEO plugin v18.1 - https:\/\/yoast.com\/wordpress\/plugins\/seo\/ -->\n<title>Comitete tehnice na\u021bionale oglind\u0103 - Standard<\/title>\n<meta name=\"robots\" content=\"index, follow, max-snippet:-1, max-image-preview:large, max-video-preview:-1\" \/>\n<link rel=\"canonical\" href=\"https:\/\/standard.md\/?page_id=3245\" \/>\n<meta property=\"og:locale\" content=\"ro_RO\" \/>\n<meta property=\"og:type\" content=\"article\" \/>\n<meta property=\"og:title\" content=\"Comitete tehnice na\u021bionale oglind\u0103 - Standard\" \/>\n<meta property=\"og:description\" content=\"[vc_row][vc_column][vc_column_text text_larger=&#8221;no&#8221;]Activitatea de standardizare na\u021bional\u0103 se desf\u0103\u0219oar\u0103 \u00een cadrul comitetelor tehnice de standardizare, organizate pe domenii de activitate. Activitatea acestora\" \/>\n<meta property=\"og:url\" content=\"https:\/\/standard.md\/?page_id=3245\" \/>\n<meta property=\"og:site_name\" content=\"Standard\" \/>\n<meta property=\"article:modified_time\" content=\"2025-06-06T10:50:45+00:00\" \/>\n<meta property=\"og:image\" content=\"https:\/\/standard.md\/wp-content\/uploads\/2023\/05\/macheta-omenirea-comunica-prin-standarde.jpg\" \/>\n\t<meta property=\"og:image:width\" content=\"1920\" \/>\n\t<meta property=\"og:image:height\" content=\"1080\" \/>\n\t<meta property=\"og:image:type\" content=\"image\/jpeg\" \/>\n<meta name=\"twitter:card\" content=\"summary_large_image\" \/>\n<meta name=\"twitter:label1\" content=\"Timp estimat pentru citire\" \/>\n\t<meta name=\"twitter:data1\" content=\"1 minut\" \/>\n<script type=\"application\/ld+json\" class=\"yoast-schema-graph\">{\"@context\":\"https:\/\/schema.org\",\"@graph\":[{\"@type\":\"Organization\",\"@id\":\"https:\/\/standard.md\/#organization\",\"name\":\"ISM\",\"url\":\"https:\/\/standard.md\/\",\"sameAs\":[],\"logo\":{\"@type\":\"ImageObject\",\"@id\":\"https:\/\/standard.md\/#logo\",\"inLanguage\":\"ro-RO\",\"url\":\"https:\/\/standard.md\/wp-content\/uploads\/2022\/09\/logo-ism.jpg\",\"contentUrl\":\"https:\/\/standard.md\/wp-content\/uploads\/2022\/09\/logo-ism.jpg\",\"width\":200,\"height\":200,\"caption\":\"ISM\"},\"image\":{\"@id\":\"https:\/\/standard.md\/#logo\"}},{\"@type\":\"WebSite\",\"@id\":\"https:\/\/standard.md\/#website\",\"url\":\"https:\/\/standard.md\/\",\"name\":\"Standard\",\"description\":\"Institutul de Standardizare din Moldova\",\"publisher\":{\"@id\":\"https:\/\/standard.md\/#organization\"},\"potentialAction\":[{\"@type\":\"SearchAction\",\"target\":{\"@type\":\"EntryPoint\",\"urlTemplate\":\"https:\/\/standard.md\/?s={search_term_string}\"},\"query-input\":\"required name=search_term_string\"}],\"inLanguage\":\"ro-RO\"},{\"@type\":\"WebPage\",\"@id\":\"https:\/\/standard.md\/?page_id=3245#webpage\",\"url\":\"https:\/\/standard.md\/?page_id=3245\",\"name\":\"Comitete tehnice na\u021bionale oglind\u0103 - Standard\",\"isPartOf\":{\"@id\":\"https:\/\/standard.md\/#website\"},\"datePublished\":\"2020-06-10T02:04:51+00:00\",\"dateModified\":\"2025-06-06T10:50:45+00:00\",\"breadcrumb\":{\"@id\":\"https:\/\/standard.md\/?page_id=3245#breadcrumb\"},\"inLanguage\":\"ro-RO\",\"potentialAction\":[{\"@type\":\"ReadAction\",\"target\":[\"https:\/\/standard.md\/index.php?rest_route=%2Fwp%2Fv2%2Fpages%2F3245\"]}]},{\"@type\":\"BreadcrumbList\",\"@id\":\"https:\/\/standard.md\/?page_id=3245#breadcrumb\",\"itemListElement\":[{\"@type\":\"ListItem\",\"position\":1,\"name\":\"Prima pagin\u0103\",\"item\":\"https:\/\/standard.md\/\"},{\"@type\":\"ListItem\",\"position\":2,\"name\":\"\u0421\u0442\u0430\u043d\u0434\u0430\u0440\u0442\u0438\u0437\u0430\u0446\u0438\u044f\",\"item\":\"https:\/\/standard.md\/?page_id=3212\"},{\"@type\":\"ListItem\",\"position\":3,\"name\":\"\u0422\u0435\u0445\u043d\u0438\u0447\u0435\u0441\u043a\u0438\u0445 \u043a\u043e\u043c\u0438\u0442\u0435\u0442\u044b \u043f\u043e \u0441\u0442\u0430\u043d\u0434\u0430\u0440\u0442\u0438\u0437\u0430\u0446\u0438\u0438\",\"item\":\"https:\/\/standard.md\/?page_id=3237\"},{\"@type\":\"ListItem\",\"position\":4,\"name\":\"Comitete tehnice na\u021bionale oglind\u0103\"}]}]}<\/script>\n<!-- \/ Yoast SEO plugin. -->","yoast_head_json":{"title":"Comitete tehnice na\u021bionale oglind\u0103 - Standard","robots":{"index":"index","follow":"follow","max-snippet":"max-snippet:-1","max-image-preview":"max-image-preview:large","max-video-preview":"max-video-preview:-1"},"canonical":"https:\/\/standard.md\/?page_id=3245","og_locale":"ro_RO","og_type":"article","og_title":"Comitete tehnice na\u021bionale oglind\u0103 - Standard","og_description":"[vc_row][vc_column][vc_column_text text_larger=&#8221;no&#8221;]Activitatea de standardizare na\u021bional\u0103 se desf\u0103\u0219oar\u0103 \u00een cadrul comitetelor tehnice de standardizare, organizate pe domenii de activitate. Activitatea acestora","og_url":"https:\/\/standard.md\/?page_id=3245","og_site_name":"Standard","article_modified_time":"2025-06-06T10:50:45+00:00","og_image":[{"width":1920,"height":1080,"url":"https:\/\/standard.md\/wp-content\/uploads\/2023\/05\/macheta-omenirea-comunica-prin-standarde.jpg","type":"image\/jpeg"}],"twitter_card":"summary_large_image","twitter_misc":{"Timp estimat pentru citire":"1 minut"},"schema":{"@context":"https:\/\/schema.org","@graph":[{"@type":"Organization","@id":"https:\/\/standard.md\/#organization","name":"ISM","url":"https:\/\/standard.md\/","sameAs":[],"logo":{"@type":"ImageObject","@id":"https:\/\/standard.md\/#logo","inLanguage":"ro-RO","url":"https:\/\/standard.md\/wp-content\/uploads\/2022\/09\/logo-ism.jpg","contentUrl":"https:\/\/standard.md\/wp-content\/uploads\/2022\/09\/logo-ism.jpg","width":200,"height":200,"caption":"ISM"},"image":{"@id":"https:\/\/standard.md\/#logo"}},{"@type":"WebSite","@id":"https:\/\/standard.md\/#website","url":"https:\/\/standard.md\/","name":"Standard","description":"Institutul de Standardizare din Moldova","publisher":{"@id":"https:\/\/standard.md\/#organization"},"potentialAction":[{"@type":"SearchAction","target":{"@type":"EntryPoint","urlTemplate":"https:\/\/standard.md\/?s={search_term_string}"},"query-input":"required name=search_term_string"}],"inLanguage":"ro-RO"},{"@type":"WebPage","@id":"https:\/\/standard.md\/?page_id=3245#webpage","url":"https:\/\/standard.md\/?page_id=3245","name":"Comitete tehnice na\u021bionale oglind\u0103 - Standard","isPartOf":{"@id":"https:\/\/standard.md\/#website"},"datePublished":"2020-06-10T02:04:51+00:00","dateModified":"2025-06-06T10:50:45+00:00","breadcrumb":{"@id":"https:\/\/standard.md\/?page_id=3245#breadcrumb"},"inLanguage":"ro-RO","potentialAction":[{"@type":"ReadAction","target":["https:\/\/standard.md\/index.php?rest_route=%2Fwp%2Fv2%2Fpages%2F3245"]}]},{"@type":"BreadcrumbList","@id":"https:\/\/standard.md\/?page_id=3245#breadcrumb","itemListElement":[{"@type":"ListItem","position":1,"name":"Prima pagin\u0103","item":"https:\/\/standard.md\/"},{"@type":"ListItem","position":2,"name":"\u0421\u0442\u0430\u043d\u0434\u0430\u0440\u0442\u0438\u0437\u0430\u0446\u0438\u044f","item":"https:\/\/standard.md\/?page_id=3212"},{"@type":"ListItem","position":3,"name":"\u0422\u0435\u0445\u043d\u0438\u0447\u0435\u0441\u043a\u0438\u0445 \u043a\u043e\u043c\u0438\u0442\u0435\u0442\u044b \u043f\u043e \u0441\u0442\u0430\u043d\u0434\u0430\u0440\u0442\u0438\u0437\u0430\u0446\u0438\u0438","item":"https:\/\/standard.md\/?page_id=3237"},{"@type":"ListItem","position":4,"name":"Comitete tehnice na\u021bionale oglind\u0103"}]}]}},"_links":{"self":[{"href":"https:\/\/standard.md\/index.php?rest_route=\/wp\/v2\/pages\/3245"}],"collection":[{"href":"https:\/\/standard.md\/index.php?rest_route=\/wp\/v2\/pages"}],"about":[{"href":"https:\/\/standard.md\/index.php?rest_route=\/wp\/v2\/types\/page"}],"author":[{"embeddable":true,"href":"https:\/\/standard.md\/index.php?rest_route=\/wp\/v2\/users\/3"}],"replies":[{"embeddable":true,"href":"https:\/\/standard.md\/index.php?rest_route=%2Fwp%2Fv2%2Fcomments&post=3245"}],"version-history":[{"count":10,"href":"https:\/\/standard.md\/index.php?rest_route=\/wp\/v2\/pages\/3245\/revisions"}],"predecessor-version":[{"id":12836,"href":"https:\/\/standard.md\/index.php?rest_route=\/wp\/v2\/pages\/3245\/revisions\/12836"}],"up":[{"embeddable":true,"href":"https:\/\/standard.md\/index.php?rest_route=\/wp\/v2\/pages\/3237"}],"wp:attachment":[{"href":"https:\/\/standard.md\/index.php?rest_route=%2Fwp%2Fv2%2Fmedia&parent=3245"}],"curies":[{"name":"wp","href":"https:\/\/api.w.org\/{rel}","templated":true}]}}